 43438 + 24810 = 25*j - 54527. What are the prime factors of j?
3, 1637
Let b(c) = -c**2 + 2*c + 13. Let a be b(-3). Let v be (-73)/a + (-24)/48. List the prime factors of (v/(-24))/((-6)/692).
173
Let i = 5578 - 5282. Suppose 0 = 2*o - q + 3*q + 6, 3*q + 3 = -o. What are the prime factors of i - (-4)/o*-3?
2, 3, 5
Let q(b) = -b**3 + 3*b**2 + 11*b - 1. Let y be q(5). What are the prime factors of (-2)/7 + ((-9304)/(-7))/y?
2, 83
Let j(l) = l + 2. Let n be j(-6). Let q(x) be the second derivative of -13*x**3/6 - x**2/2 + 103*x. List the prime factors of q(n).
3, 17
Let t(w) = 72*w**2 - 151*w + 1043. What are the prime factors of t(7)?
2, 7, 251
Let u(b) = b**2 - 59*b + 566. What are the prime factors of u(-48)?
2, 2851
Suppose -j - 5*z + 4 = 0, 4*j - z + 20 = -3*z. Let f(y) = 9*y**2 - y - 2. Let k be f(j). Suppose 2*s = -0*s + k. List the prime factors of s.
2, 41
Suppose 4*h = 4, -3*r + 337 = r + h. What are the prime factors of (-169 - -1)*r/(-63)?
2, 7
Let h(l) = l**2 - 18*l + 24. Let u be h(6). List the prime factors of ((-4)/(u/4))/((-1)/(-477)).
3, 53
Let b = -353 + 362. List the prime factors of (3/(b/3))/((-1)/(-939)).
3, 313
Let s(c) = 15*c**2 + 68*c + 3. Let r = -48 + 59. Let u(n) = -5*n**2 - 23*n - 1. Let g(x) = r*u(x) + 4*s(x). What are the prime factors of g(-6)?
67
Let s(i) = -6*i**2 - 25*i + 3. Let c be s(-4). Suppose 580 = 2*m - 2*b + c*b, 3*m = b + 904. List the prime factors of m.
2, 3, 5
Let p(r) = -513*r**3 + 17*r**2 + 14*r + 40. What are the prime factors of p(-4)?
2, 11, 47
Suppose -15 = -5*g - 0. Let y be (-476)/(-6) + 2/g. Let i = 39 + y. What are the prime factors of i?
7, 17
Let g = -27342 + 39613. List the prime factors of g.
7, 1753
Suppose -8 = -2*t, 0 = -3*x + 2*t - 1 - 1. Let z be (x/4 - 2) + 4/(-8). What are the prime factors of (-57 - -11)*z/4?
23
Let l = 4 + -2. Let d(g) be the third derivative of -g**6/120 + g**5/15 - g**4/12 + 13*g**2 + 5*g. List the prime factors of d(l).
2
Let h(c) = c**3 + 12*c**2 + 23*c + 17. Let i be h(-8). Let x = -59 + i. What are the prime factors of ((-9)/(-15))/3 + 5784/x?
193
Let k = -82 + 82. Suppose z + 8*z - 603 = k. List the prime factors of z.
67
Let c(o) = 2*o. Let r(n) = 19*n + 3. Let v(f) = -18*c(f) + 2*r(f). Let w be v(1). Suppose s = -w*s + 837. List the prime factors of s.
3, 31
List the prime factors of (119/(-14) + 11)*191/5*46.
23, 191
Let p(b) = 272*b**2 + 19*b + 27. Let f(j) = j - 1. Let c(u) = -3*f(u) + p(u). List the prime factors of c(-2).
2, 3, 181
Let i = -564 + 1684. Suppose -100*d = -95*d - i. Suppose -3*m + d = 2*m - 2*t, -4*m + 5*t + 169 = 0. What are the prime factors of m?
2, 23
Let o be (5 - (8 + -1)) + -4. List the prime factors of 222*(o - -4)*3/(-18).
2, 37
Let x(o) = -4*o**3 + 16*o**2 + 4*o - 28. Let l be x(11). What are the prime factors of l/(-10) - (-5)/(-25)?
337
Let l be ((-1264)/(-24))/(16/24). Let r = 96 - 139. Let j = r + l. List the prime factors of j.
2, 3
Suppose -5*h + 357 = -738. Let i = -458 - -588. Let u = h - i. What are the prime factors of u?
89
Let b(r) = -263*r**2 + 4*r - 6. Let o be b(1). Let k = 392 - o. List the prime factors of k.
3, 73
Suppose 2*n + n + 15 = 5*b, 9 = 3*n + 3*b. Let u(l) = l**3 + 4*l - 8 + n*l**3 - 7*l**2 + 16*l**2 + 5. List the prime factors of u(-7).
67
Let b = 153 - -402. Suppose -5*x + b = 5*t, -2*x - 3*x - 99 = -t. What are the prime factors of t?
109
Let x = 317 + -319. Let j(t) = -102*t + 1. List the prime factors of j(x).
5, 41
Suppose -9*a - 253 = 14*a. Let f(x) = 4*x**2 - 6*x + 26. List the prime factors of f(a).
2, 3
Let n = 1472 - -1099. Suppose 0 = 3*f + 3*u - n, 23*f - 20*f + 2*u = 2575. What are the prime factors of f?
3, 7, 41
Let v = 853 + -1460. Let i = 1089 + v. List the prime factors of i.
2, 241
Suppose 3*h = -5*j + 30996, -128*j = 4*h - 126*j - 41300. What are the prime factors of h?
2, 13, 397
Let b(p) be the third derivative of -p**6/120 - 7*p**5/60 - 11*p**4/24 - 11*p**3/6 + 38*p**2. Let r be b(-5). List the prime factors of 2979/54 + 1/r.
5, 11
Suppose -9*f = -26*f + 68. Suppose -4*a - f*y + 554 = -2*a, 5*y + 1415 = 5*a. What are the prime factors of a?
281
Let n(d) = d**3 + 49*d**2 - 53*d - 114. Let m be n(-50). Let h(y) = -2*y + 284. What are the prime factors of h(m)?
2, 53
Suppose -36*u - 53 = -37*u. Let x = -54 + u. What are the prime factors of x*(3 - 2)*(-1 + -4)?
5
Suppose -319 = -3*h + p, p = -4*h - p + 412. Let d = -33 + h. Suppose -l + 5*l - d = 0. What are the prime factors of l?
2, 3
Suppose 24 = 53*h - 61*h. What are the prime factors of (-9 + 36)/(h/(-63))?
3, 7
Suppose 32230 = 5*c - 5*f, -c + 3*f + 2*f = -6454. What are the prime factors of c?
2, 3, 179
Let u(z) = -65*z + 44384. What are the prime factors of u(0)?
2, 19, 73
Let q(j) = j**2 + 13*j + 17. Let z be q(-12). Suppose -2*o + 0 = -z*a - 6, -o - 4*a = 10. What are the prime factors of (-135)/(-18) + 3/o?
2, 3
Suppose -4*g = -3*j + j + 192, -2*g - 96 = -3*j. Suppose -581 - 859 = 20*x. Let u = g - x. What are the prime factors of u?
2, 3
Suppose -16*u + 5 = -15*u. List the prime factors of -137*u/(-15)*3.
137
Let j(l) = 12*l - 133. Let t be j(11). What are the prime factors of 135/(6 + t)*(-3 + 22)?
3, 19
Let u be (504/6)/6 + -5. Suppose 219 = -u*q + 2973. List the prime factors of q.
2, 3, 17
Suppose -4*o + 0*o + 8 = 0, -4*q - 1762 = -3*o. Let s = q + 834. List the prime factors of s.
5, 79
Suppose 140492 - 62894 = 59*n - 157871. List the prime factors of n.
13, 307
Let y(g) = g**3 - 9*g**2 - 13*g - 27. Let v be 58/87 - 31/(-3). What are the prime factors of y(v)?
2, 3
Let n(l) = 241*l**2 + 88*l - 199. What are the prime factors of n(9)?
2, 89, 113
Let j(x) = -14*x**3 + 9*x**2 - 9*x - 12. Let o(q) = -15*q**3 + 10*q**2 - 10*q - 13. Let f(y) = 6*j(y) - 5*o(y). List the prime factors of f(-3).
2, 71
Let z(t) = -34*t**2 - 7*t + 6. Let k be z(-5). Let f = -417 - k. List the prime factors of f.
2, 7
Let q(f) = 2*f**3 - 62*f**2 - 53*f + 89. What are the prime factors of q(37)?
2, 3, 1213
Suppose 2*m + 3*m + 323945 = 4*q, 5*m = -2*q + 161935. List the prime factors of q.
2, 5, 4049
Let i = 876 + 944. What are the prime factors of i?
2, 5, 7, 13
Suppose 2*o - 22714 = -860. List the prime factors of o.
7, 223
What are the prime factors of (32/5)/(((-870)/(-85275))/29)?
2, 3, 379
Suppose -6*q + 300 - 336 = 0. Let l be (-1*2*-53)/(-1). What are the prime factors of l*(q/(-18))/((-2)/3)?
53
Let q = -86 - -89. Suppose 0 = q*o - 2*v - v - 2463, 2*o = -5*v + 1649. Suppose -51*c = -57*c + o. What are the prime factors of c?
137
Suppose 0 = -33*h + 8*h - 49*h + 706404. What are the prime factors of h?
2, 3, 37, 43
Let m be (-37 - 2)/(-1) - (8 + -8). Let b be 1008/m + (12/(-39))/(-2). Suppose z = -b + 38. List the prime factors of z.
2, 3
Let h(f) be the third derivative of f**5/60 + f**4/8 + 38*f**3/3 - 127*f**2. What are the prime factors of h(-27)?
2, 181
Let a = 189 + 127. Suppose -17*n - a = -3835. What are the prime factors of n?
3, 23
Suppose 149 = -3*p + 596. Suppose p + 50 = 2*r - j, -2 = -2*j. Let v = r + -38. What are the prime factors of v?
2, 31
Let o(a) = a**3 + 7*a**2 + 8*a + 15. Let m be o(-6). Suppose -m*g + 4*q - 15 = 0, 3*g - 4*q = -9*q + 12. What are the prime factors of (g - 1)*4*-17?
2, 17
Let q(g) = g**2 - 4*g. Let s be q(6). Let v = s + 285. List the prime factors of v.
3, 11
Let w(m) be the third derivative of -m**5/60 - 2*m**4 + 11*m**3/3 + 14*m**2. What are the prime factors of w(-13)?
3, 53
Suppose -7*z - 10*z + 69360 = 13*z. List the prime factors of z.
2, 17
Suppose -291*x - 1038864 = -314*x. List the prime factors of x.
2, 3, 941
Let v(a) = -2*a**2 - 89*a - 111. Let o be v(-43). List the prime factors of ((-1040)/(-56) - o) + 6695/7.
3, 11, 29
Suppose -10*y + 26295 = -6545. List the prime factors of y.
2, 821
Suppose -6*p - 12*p + 260694 = 0. What are the prime factors of p?
7, 2069
Let i be 12/(-45)*-3 - (-24)/20. Let f(h) = 5*h**2 - h + 0*h + 2*h - 4. What are the prime factors of f(i)?
2, 3
Suppose -193392 = -93*c - 51*c. What are the prime factors of c?
17, 79
Suppose 6427*h - 6424*h = 23784. What are the prime factors of h?
2, 991
Let r(m) be the third derivative of m**5/60 + m**4/24 + 16*m**3 - 8*m**2 + 4. Suppose 0 = -3*x - 8 - 1, 2*x + 6 = 4*h. What are the prime factors of r(h)?
2, 3
Let